What is the value of -17 + (0 + 4 - 2) - (480 - 470)?
-25
(-12 - 19 - -31) + 10
10
Evaluate 12 + (7 - 37) - -36.
18
Evaluate (202 - 189) + 5 + 2.
20
What is the value of -21 + (19 - -15) + (-11 - 0)?
2
Evaluate -351 + 381 - (-2 - -21).
11
3 - 6 - 4 - (-3 + -6 + 8)
-6
12 - 17 - (3 + -10) - 5
-3
What is the value of -32 + (11 - -18) - (1 + -19)?
15
Calculate -22 - (-9 - (-12 + -2 + 6 - -8)).
-13
What is the value of (24 - 52) + 23 - -5?
0
Evaluate (16 - 14) + 1 + 4.
7
(-4 - -4) + (1 - 6)
-5
What is the value of (11 + -24 - -4) + 32?
23
1 + 10 + -8 + 1
4
Calculate (412 - 406) + (1 - 3 - (1 + 4)).
-1
-6 + 12 + -12 + 10 + 0 + -22
-18
1 + -3 + -11 + 258 + -249
-4
Calculate -29 + (-41 - (-100 - -17)).
13
What is (3 - -2 - 13) + (43 - 45)?
-10
Evaluate -1 - -1 - (-6 + 18 + 4 - 31).
15
What is the value of 11 - (33 + (-27 - -20))?
-15
What is the value of 9 + (-12 - 7) - -12?
2
(12 + (-2 + 2 - 5) - -1) + 0
8
608 + -605 + (-1 - -3) + 1
6
Calculate (-23 - -3) + (45 - 42).
-17
((-7 - (-4 - -6)) + 4 - -3) + -3
-5
What is the value of (-619 - -660) + (2 - 14) + -1?
28
Evaluate 1 - (8 + 44 + -43).
-8
What is -122 + 127 + -37 + (-1 - (-2 + 3))?
-34
What is the value of 7 - (-18 - -16 - (-4 + 0 + -3))?
2
Calculate -12 + 6 + 12 - (8 + 2 + -4).
0
Calculate 34 + (6 - 57) - (1 - 1).
-17
What is (3 - -34 - 19) + -1 + 0 + -1?
16
What is -11 + -7 + (-4 - -12)?
-10
Evaluate 2 - 13 - (-5 - 19) - -9.
22
What is (-5 - 1 - 4) + (-14 - -17)?
-7
Calculate (-2 - (-24 - -14)) + (0 + -5 - -7).
10
What is 5 - 0 - (-9 + 14)?
0
Evaluate (62 - 58) + (3 - 25).
-18
-9 - (16 - 48 - -20)
3
Calculate -7 + (10 - 1) + -15 + 10 + -2.
-5
What is (2 - 1) + -82 + 69 - (0 + -3)?
-9
-23 + 32 + -24 + 13
-2
Calculate -23 + 10 + -5 + 5.
-13
Calculate (6 - 9) + (-3 + 9 + 2 - -7).
12
What is the value of 1642 + -1669 - (8 + 0)?
-35
What is (-34 + 11 + 32 - (-1 - -41)) + -7?
-38
What is the value of -6 - (5 + 2) - (-18 + 13)?
-8
What is the value of 1 + -17 + 16 + (0 - -3 - -1)?
4
What is the value of -12 - (11 + (-2 - (12 - 2)))?
-11
What is the value of -33 - (-25 + (20 - 13))?
-15
Evaluate (10 - 8 - -5) + -4.
3
What is the value of -24 + (12 + -7 - 11) + -4?
-34
Evaluate (8 - (22 - (-2 - -3))) + (1 - 0).
-12
10 - (-22 - 5 - (-7 + -7))
23
5 + 0 + 0 - ((-11 - -4) + 11)
1
What is the value of 7 - ((-4 - (-8 - 1)) + 30)?
-28
What is the value of (30 - 3) + (1 - 2) - (2298 + -2289)?
17
Calculate -6 - (-28 - (0 + (-21 - -10))).
11
Calculate -29 - (12 - (6 - -15)).
-20
What is the value of -20 + (29 - 10) - (2 - (10 + 0))?
7
What is -1 + 2 + (-2 - (-3 - 7) - 4)?
5
56 + (41 - 67) + -8
22
(-26 - (-2 - (-15 - -7))) + 8
-24
-8 + ((-2 - -12) + -10 - 7 - -1)
-14
14 + 11 + -14 + -4
7
(-6 - (20 + -12 + -18)) + -27
-23
What is (1 + -3 - (1 - 14)) + (-27 - -28)?
12
What is the value of (-15 - 10 - -9) + -12 + 3?
-25
What is 7 - ((7 - -5) + 9 + 2)?
-16
What is 24 + (17 + -32 - 11)?
-2
What is 5 + (-1 - (-9 + 4 + -1) - 8)?
2
Evaluate -15 + (-12 + -1 - -18).
-10
Calculate 1 - 2 - (-23 + 20 + -5 + 8).
-1
What is the value of -1 - ((12 - 38) + 12 - (-1 - 6))?
6
Calculate 28 + -49 - (-12 + 4).
-13
Calculate 19 - 32 - (-2 + 7) - -8.
-10
Calculate (15 - (-3 - -12)) + -30 - -10.
-14
What is 21 + 14 + -20 - 1?
14
What is the value of (-29 - (1 + -15)) + 23?
8
What is the value of -19 + (-8 + 17 - -6)?
-4
What is the value of 6 - (2 + -5 - -9)?
0
What is the value of 0 + (2 - ((-3 - 4) + 0)) + -7?
2
What is the value of (-2 - 18) + -16 + (1 - (-17 + 9))?
-27
Evaluate -37 + (12 - -2) - -7 - -15.
-1
Calculate -19 + -14 + 15 + (3 - 1).
-16
What is 79 + -13 + -23 + -72?
-29
Calculate 0 - (-1 - -1 - (12 + -28)).
-16
1 + 1 + 0 + -36 + 35
1
What is 1 + 6 + (-5 - (18 + -21))?
5
Calculate (-8 - 3 - -2) + (6 - 4) + 18.
11
Calculate 4 - (-2 - 1) - (25 + -8).
-10
Calculate -28 - (45 - 17 - 51).
-5
Evaluate 5 + 1 + 0 + 4 + -7 + -2.
1
Calculate 0 + 3 + 7 - (-4 + 3).
11
Calculate (50 + -60 - (0 + 10) - -1) + 3.
-16
What is the value of -3 - (6 + 10 + -9) - (-3 + -2)?
-5
What is 2 + (11 + -9 - -4) + -4?
4
-6 - 0 - (11 + -14 - 8 - 12)
17
What is the value of 3 - -36 - (95 - 79)?
23
What is the value of 0 + 3 - (33 + -29 - (0 - 0))?
-1
-4 + 1 + (7 - -5) + 18 + -24
3
11 + -2 + (-16 + 13 - (7 + -6))
5
(-4 - (-4 + 0)) + -19
-19
What is 4 + -5 + (1 - (-5 - 9))?
14
(-18 + 5 - 7) + 11
-9
(20 - 23) + -1 - (-2 - 16)
14
What is -1 + 3 - (1 - 1 - (-9 - -12))?
5
What is the value of -2 + -3 + 8 + (18 - 23) - -10?
8
What is 12 + (-17 - (-9 + 7))?
-3
(-8 - 3 - (-13 + 1)) + -13
-12
Calculate 0 + (-3 + -1 + 4 - 6 - 5).
-11
Calculate 29 + (-15 - -32) + -33.
13
What is 25 - 3 - (59 - 44)?
7
What is the value of 13 + (4 - -2) + 3 + -14?
8
Calculate 2 + -12 + 6 + 7 - 10.
-7
Evaluate (3 - (3 - 2)) + 14 - (-37 - -43).
10
What is the value of 6 - -1 - (15 + 1 + -1)?
-8
What is 4 + 2 - (14 - (2 - -9 - 2))?
1
Evaluate 21 + (-23 - (-4 - 1)) + 8 + -7.
4
Calculate 1 - -4 - (1060 + -1052).
-3
Evaluate -23 + (6 - -19) + -15.
-13
Calculate 6 + (1 - (7 - (5 + -3))) + -11.
-9
Evaluate 8 + 1 - (-5 + 20 + -16 + 3).
7
What is -19 + (-4 - -6) + 11 + -14?
-20
What is (21 - -27) + -58 + 42?
32
What is 24 + -40 + 2 - -4?
-10
-22 + 3 + -1 - -9
-11
Evaluate (0 - (0 + (-13 - -6))) + 0.
7
What is (23 - 21) + -15 - (-1 + 8)?
-20
Calculate -3 + (5 + 0 + -8 - 7 - -18).
5
-16 - (4 - 16) - 1
-5
Evaluate 2 + 7 - ((-86 - -70) + (0 - -14)).
11
Evaluate (22 - 12) + -3 + (-3 - 1) - -10.
13
What is 42 + -1 + -9 + -18?
14
What is the value of 4 - (8 - (0 - -6 - (-80 - -88)))?
-6
Calculate -11 + -8 + (11 - -5).
-3
Calculate 5 + (-12 + 19 - 19).
-7
-2 - (10 - 29 - -28)
-11
What is the value of 4 + 4 + -1 + -2 + -9 - -6?
2
What is the value of 10 - 14 - -13 - ((13 - 1) + 0)?
-3
What is -14 - 1 - (-15 - -13)?
-13
Evaluate -5 + (-16 + 10 - -9) + -12.
-14
Evaluate 3 - (4 + (7 - (1 + 5))).
-2
Calculate (42 - 46) + 1 + (2 - -1).
0
Evaluate 49 + (15 - (58 + -19)).
25
1170 + -1164 - (0 - -22)
-16
What is the value of 0 + (-3 - -6) - (-15 - -8)?
10
Evaluate 37 - 28 - 30 - -21.
0
Calculate -9 + (5 - (8 - 3)) + -6.
-15
Calculate 16 + (22 - 36) + 28.
30
What is the value of 1 + 14 - (31 - 6)?
-10
35 + (32 + -38 - 70)
-41
-3 + (17 - (17 + 13)) - 7
-23
What is the value of -48 + 73 + -1 + -39?
-15
What is -9 - ((-3 - 3 - -13) + -9 + -2)?
-5
Calculate 18 - (8 - (5 + 1 - -2) - 1).
19
Calculate 44 - 42 - 41 - (-2 + 0).
-37
Calculate (-4 - (-11 + (-4 + -2 - -7))) + -13.
-7
Calculate (4 + -5 - (2 + 0)) + 14 - -1.
12
Calculate 56 + (14 - 73) - (-20 - -1 - 1).
17
What is 28 + 4 + (12 - 63)?
-19
What is the value of -10 - (31 + -47 - -6)?
0
2 - (-16 + 5) - 4
9
What is (-24 - -67) + -30 - (20 + -1)?
-6
3 + -11 - (-10 - (9 - 11))
0
Calculate (2 - (-4 - -1)) + -8 - 7.
-10
What is the value of -21 + (56 + 17 - 36)?
16
What is -5 + 13 + -3 + (2 - 2) - -1?
6
(-11 - 1) + 9 - (6 + 0)
-9
Calculate -7 + 1 + -8 + (4 - 5) + 18.
3
Evaluate -1 + -5 + (-17 - (14 - 31)).
-6
What is the value of -9 - (-12 - (-11 - -13) - -11)?
-6
Calculate 62 - 88 - (0 + -18).
-8
-5 + -28 - -32 - -1
0
Calculate 25 + 0 - (-71 - -91).
5
26 + 13 + -40 - 18
-19
9 - (-4 - (5 + -1) - -8)
9
What is -7 + (14 - (19 + -13))?
1
Calculate (-6 + 13 - 7 - -9) + -8.
1
What is the value of 0 - ((2 - 2) + -15)?
15
What is the value of (-22 - 6) + -10 + 28?
-10
Calculate 4 + 3 + -2 + (-19 + 22 - -17).
25
What is 4 + (-55 + 47 - -34)?
30
What is the value of (2 + (-1 - 2 - -7) - 1) + -18?
-13
What is (21 - (14 + -4)) + -1 + -7?
3
What is the value of (-30 - (-6 + -2 - 2)) + 7?
-13
What is the value of -17 - (-3 - 1) - (-21 - -21 - -5)?
-18
Evaluate 25 - 28 - -36 - 39.
-6
Calculate (73 - 68) + 7 + 0 + -7 - 6.
-1
What is (-56 + 11 - (-11 + 3)) + -4?
-41
Evaluate (1 - -45) + -17 + -9.
20
What is 29 + 0 - (-6 - -40)?
-5
8 - ((-36 - -35) + 4 + 1)
4
Evaluate (16 - 9) + 1 + -5 - (0 - 3).
6
(12 - 26 - -4) + 12
2
What is the value of 221 + -205 - (-13 + 0 - -3)?
26
-9 - ((-2 - -13) + 0 + 3 + -9)
-14
What is the value of (10 - -4) + 6 + 1 + -7 + 4?
18
Evaluate -7 - (-4 - -5 - 0) - -32.
24
What is 9 - (4 - (1 + 2 + (7 - 3)))?
12
What is the value of 0 - 24 - (-268 + 235)?
9
What is 115 - 109 - (-19 + (14 - 7))?
18
Evaluate 6 - (2 - -1) - (59 + -42).
-14
Evaluate -13 + (10 - 5) + 5 + (-6 - -8).
-1
Evaluate 31 + (-3 - 5) + -10.
13
What is the value of (-4 - -6) + 6 + 14?
22
13 -